{"version":"1.0","provider_name":"ICH WEISS WAS ICH TU","provider_url":"https:\/\/www.iwwit.de\/en","author_name":"DAH","author_url":"https:\/\/www.iwwit.de\/en\/author\/dah\/","title":"Rassismus und Transfeindlichkeit in der schwulen Community: F\u00fcr eine authentische Selbstreflexion!","type":"rich","width":600,"height":338,"html":"<blockquote class=\"wp-embedded-content\" data-secret=\"ZvWg8ApYxf\"><a href=\"https:\/\/www.iwwit.de\/en\/gayzine\/rassismus-und-transfeindlichkeit-in-der-schwulen-community\/\">Racism and trans hostility in the gay community: For authentic self-reflection!<\/a><\/blockquote><iframe sandbox=\"allow-scripts\" security=\"restricted\" src=\"https:\/\/www.iwwit.de\/en\/gayzine\/rassismus-und-transfeindlichkeit-in-der-schwulen-community\/embed\/#?secret=ZvWg8ApYxf\" width=\"600\" height=\"338\" title=\"&#8220;Rassismus und Transfeindlichkeit in der schwulen Community: F\u00fcr eine authentische Selbstreflexion!&#8221; &#8212; ICH WEISS WAS ICH TU\" data-secret=\"ZvWg8ApYxf\" frameborder=\"0\" marginwidth=\"0\" marginheight=\"0\" scrolling=\"no\" class=\"wp-embedded-content\"><\/iframe><script type=\"text\/javascript\">\n\/* <![CDATA[ *\/\n\/*! This file is auto-generated *\/\n!function(d,l){\"use strict\";l.querySelector&&d.addEventListener&&\"undefined\"!=typeof URL&&(d.wp=d.wp||{},d.wp.receiveEmbedMessage||(d.wp.receiveEmbedMessage=function(e){var t=e.data;if((t||t.secret||t.message||t.value)&&!\/[^a-zA-Z0-9]\/.test(t.secret)){for(var s,r,n,a=l.querySelectorAll('iframe[data-secret=\"'+t.secret+'\"]'),o=l.querySelectorAll('blockquote[data-secret=\"'+t.secret+'\"]'),c=new RegExp(\"^https?:$\",\"i\"),i=0;i<o.length;i++)o[i].style.display=\"none\";for(i=0;i<a.length;i++)s=a[i],e.source===s.contentWindow&&(s.removeAttribute(\"style\"),\"height\"===t.message?(1e3<(r=parseInt(t.value,10))?r=1e3:~~r<200&&(r=200),s.height=r):\"link\"===t.message&&(r=new URL(s.getAttribute(\"src\")),n=new URL(t.value),c.test(n.protocol))&&n.host===r.host&&l.activeElement===s&&(d.top.location.href=t.value))}},d.addEventListener(\"message\",d.wp.receiveEmbedMessage,!1),l.addEventListener(\"DOMContentLoaded\",function(){for(var e,t,s=l.querySelectorAll(\"iframe.wp-embedded-content\"),r=0;r<s.length;r++)(t=(e=s[r]).getAttribute(\"data-secret\"))||(t=Math.random().toString(36).substring(2,12),e.src+=\"#?secret=\"+t,e.setAttribute(\"data-secret\",t)),e.contentWindow.postMessage({message:\"ready\",secret:t},\"*\")},!1)))}(window,document);\n\/\/# sourceURL=https:\/\/www.iwwit.de\/wp-includes\/js\/wp-embed.min.js\n\/* ]]> *\/\n<\/script>","thumbnail_url":"https:\/\/www.iwwit.de\/wp-content\/uploads\/Blogkognitivedissonanz_VorschauBild-3840-\u00d7-2160-px1-1200x675-1.png","thumbnail_width":1200,"thumbnail_height":675,"description":"Unser Autor, selbst wei\u00dfer schwuler cis Mann, beobachtet manchmal ein gewisses Unwohlsein unter wei\u00dfen schwulen cis M\u00e4nnern bei Diskussionen um Rassismus, Transfeindlichkeit und anderen Diskriminierungsformen in der schwulen Community. Dabei ist er davon \u00fcberzeugt, dass eine Auseinandersetzung mit unseren inneren Konflikten zu mehr Empathie und Inklusion f\u00fchren k\u00f6nnte. Ein Pl\u00e4doyer."}

Rassismus und Transfeindlichkeit in der schwulen Community: Für eine authentische Selbstreflexion!

<blockquote class="wp-embedded-content" data-secret="ZvWg8ApYxf"><a href="https://www.iwwit.de/en/gayzine/rassismus-und-transfeindlichkeit-in-der-schwulen-community/">Racism and trans hostility in the gay community: For authentic self-reflection!</a></blockquote><iframe sandbox="allow-scripts" security="restricted" src="https://www.iwwit.de/en/gayzine/rassismus-und-transfeindlichkeit-in-der-schwulen-community/embed/#?secret=ZvWg8ApYxf" width="600" height="338" title="&#8220;Rassismus und Transfeindlichkeit in der schwulen Community: Für eine authentische Selbstreflexion!&#8221; &#8212; ICH WEISS WAS ICH TU" data-secret="ZvWg8ApYxf" frameborder="0" marginwidth="0" marginheight="0" scrolling="no" class="wp-embedded-content"></iframe><script type="text/javascript">
/* <![CDATA[ */
/*! This file is auto-generated */
!function(d,l){"use strict";l.querySelector&&d.addEventListener&&"undefined"!=typeof URL&&(d.wp=d.wp||{},d.wp.receiveEmbedMessage||(d.wp.receiveEmbedMessage=function(e){var t=e.data;if((t||t.secret||t.message||t.value)&&!/[^a-zA-Z0-9]/.test(t.secret)){for(var s,r,n,a=l.querySelectorAll('iframe[data-secret="'+t.secret+'"]'),o=l.querySelectorAll('blockquote[data-secret="'+t.secret+'"]'),c=new RegExp("^https?:$","i"),i=0;i<o.length;i++)o[i].style.display="none";for(i=0;i<a.length;i++)s=a[i],e.source===s.contentWindow&&(s.removeAttribute("style"),"height"===t.message?(1e3<(r=parseInt(t.value,10))?r=1e3:~~r<200&&(r=200),s.height=r):"link"===t.message&&(r=new URL(s.getAttribute("src")),n=new URL(t.value),c.test(n.protocol))&&n.host===r.host&&l.activeElement===s&&(d.top.location.href=t.value))}},d.addEventListener("message",d.wp.receiveEmbedMessage,!1),l.addEventListener("DOMContentLoaded",function(){for(var e,t,s=l.querySelectorAll("iframe.wp-embedded-content"),r=0;r<s.length;r++)(t=(e=s[r]).getAttribute("data-secret"))||(t=Math.random().toString(36).substring(2,12),e.src+="#?secret="+t,e.setAttribute("data-secret",t)),e.contentWindow.postMessage({message:"ready",secret:t},"*")},!1)))}(window,document);
//# sourceURL=https://www.iwwit.de/wp-includes/js/wp-embed.min.js
/* ]]> */
</script>

Unser Autor, selbst weißer schwuler cis Mann, beobachtet manchmal ein gewisses Unwohlsein unter weißen schwulen cis Männern bei Diskussionen um Rassismus, Transfeindlichkeit und anderen Diskriminierungsformen in der schwulen Community. Dabei ist er davon überzeugt, dass eine Auseinandersetzung mit unseren inneren Konflikten zu mehr Empathie und Inklusion führen könnte. Ein Plädoyer.
